r of 1747295 and 220.
55
What is the highest common divisor of 970 and 14330?
10
What is the greatest common divisor of 185 and 355?
5
Calculate the greatest common factor of 14 and 2925979.
7
Calculate the highest common factor of 68 and 119221.
17
Calculate the greatest common factor of 144010 and 40.
10
What is the highest common divisor of 1060 and 17140?
20
What is the greatest common factor of 65 and 1423435?
65
What is the highest common factor of 629 and 19142?
17
What is the greatest common factor of 234 and 22536?
18
What is the greatest common divisor of 559 and 871?
13
What is the greatest common divisor of 7800 and 265850?
650
What is the highest common factor of 56 and 882?
14
What is the highest common factor of 60 and 5120?
20
What is the highest common divisor of 118131 and 507?
507
What is the highest common divisor of 1336 and 9686?
334
What is the highest common divisor of 102453 and 962?
481
What is the highest common factor of 554550 and 15?
15
Calculate the highest common divisor of 44 and 450868.
44
Calculate the greatest common factor of 17545 and 5220.
145
Calculate the highest common factor of 68482 and 194.
194
Calculate the highest common divisor of 69917 and 10563.
503
Calculate the greatest common factor of 8130 and 150.
30
Calculate the highest common divisor of 137962 and 22.
22
Calculate the greatest common divisor of 1520 and 704.
16
What is the highest common factor of 4744 and 1612367?
593
What is the greatest common factor of 123981 and 1287?
429
Calculate the greatest common divisor of 6348 and 372.
12
What is the highest common divisor of 86535 and 540?
135
What is the highest common divisor of 6 and 246222?
6
What is the greatest common factor of 50393 and 16276?
313
Calculate the greatest common factor of 46937 and 748.
187
Calculate the highest common factor of 49 and 239.
1
What is the highest common divisor of 1383181 and 1693?
1693
Calculate the greatest common factor of 233090 and 50.
10
What is the greatest common factor of 448 and 15360?
64
What is the highest common factor of 64964 and 1639?
149
Calculate the highest common divisor of 86632 and 1036.
28
Calculate the highest common factor of 10912 and 341.
341
Calculate the greatest common divisor of 61 and 1803709.
61
What is the highest common factor of 7539 and 336?
21
Calculate the highest common factor of 105 and 86360.
5
Calculate the greatest common factor of 11062770 and 92.
46
What is the highest common divisor of 2784 and 283533?
87
What is the highest common factor of 346 and 8?
2
What is the greatest common factor of 309 and 36359?
103
Calculate the highest common factor of 60 and 15285.
15
Calculate the greatest common factor of 1000 and 56750.
250
Calculate the greatest common factor of 343629 and 132.
33
What is the greatest common divisor of 38916 and 245387?
1081
What is the greatest common factor of 55 and 305?
5
What is the greatest common factor of 351389 and 703?
37
Calculate the highest common divisor of 33640 and 1218.
58
What is the highest common factor of 969 and 14611?
19
What is the highest common factor of 57061 and 7869?
43
Calculate the highest common divisor of 11902 and 308.
22
Calculate the highest common divisor of 10338 and 78.
6
Calculate the highest common divisor of 490 and 538510.
490
Calculate the greatest common divisor of 45700 and 400.
100
Calculate the greatest common factor of 268474 and 2410.
482
Calculate the highest common divisor of 4248 and 354.
354
What is the highest common divisor of 3175 and 12192?
127
What is the highest common factor of 92743 and 56?
7
Calculate the highest common factor of 7890 and 10830.
30
Calculate the greatest common factor of 775 and 12800.
25
What is the highest common factor of 3034 and 182696?
82
What is the highest common factor of 2616 and 1186356?
1308
What is the greatest common divisor of 51328 and 48?
16
What is the highest common factor of 1141 and 49?
7
What is the highest common factor of 3640 and 1170?
130
What is the highest common divisor of 278 and 519860?
278
What is the greatest common factor of 59015 and 2349?
29
Calculate the greatest common divisor of 173 and 1358742.
173
What is the highest common divisor of 1707 and 312?
3
Calculate the highest common divisor of 173898 and 9.
9
Calculate the highest common divisor of 507980 and 132.
44
Calculate the greatest common factor of 84 and 216496.
28
Calculate the highest common factor of 621 and 273447.
207
What is the greatest common factor of 19200 and 725?
25
Calculate the greatest common factor of 35514 and 132.
6
Calculate the highest common factor of 13760 and 7680.
320
Calculate the highest common divisor of 40318 and 38.
38
Calculate the greatest common divisor of 82332 and 396.
36
Calculate the highest common factor of 293598 and 90.
18
What is the greatest common divisor of 14934 and 66120?
114
Calculate the greatest common divisor of 55 and 11278685.
55
What is the greatest common factor of 38154 and 18?
6
What is the highest common divisor of 57132 and 2700?
108
Calculate the greatest common divisor of 10485 and 450.
45
What is the greatest common factor of 30 and 96225?
15
What is the greatest common factor of 126 and 7770?
42
What is the greatest common factor of 558621 and 189?
63
Calculate the highest common divisor of 249 and 266430.
249
Calculate the highest common factor of 6647 and 11017.
23
Calculate the highest common factor of 598 and 9062.
46
What is the highest common factor of 84 and 228900?
84
What is the greatest common divisor of 34 and 79266?
2
Calculate the greatest common factor of 459 and 310941.
9
What is the highest common factor of 30 and 37965?
15
Calculate the greatest common factor of 24 and 217408.
8
Calculate the highest common divisor of 1616310 and 120.
30
What is the greatest common divisor of 193 and 26441?
193
Calculate the highest common divisor of 1335 and 5505.
15
Calculate the greatest common divisor of 1232 and 89012.
308
Calculate the highest common divisor of 174 and 8642.
58
Calculate the highest common divisor of 1485 and 4185.
135
Calculate the highest common factor of 133 and 12559.
19
Calculate the highest common factor of 94245 and 915.
915
Calculate the highest common factor of 55 and 521085.
5
Calculate the highest common factor of 2901914 and 58.
58
What is the highest common factor of 308512 and 868?
124
Calculate the greatest common divisor of 967825 and 25.
25
Calculate the greatest common factor of 11 and 404.
1
Calculate the highest common factor of 146421 and 27.
27
What is the greatest common divisor of 1505 and 165?
5
What is the highest common factor of 722 and 343311?
361
Calculate the highest common factor of 217923 and 221.
17
What is the highest common factor of 87 and 2262087?
87
Calculate the greatest common divisor of 336952 and 5544.
616
What is the greatest common factor of 77363 and 1144?
143
What is the greatest common factor of 3420 and 81300?
60
What is the greatest common factor of 513219 and 252?
21
What is the greatest common factor of 171970 and 580?
290
Calculate the greatest common factor of 1464138 and 52.
26
Calculate the greatest common divisor of 1044 and 725.
29
Calculate the greatest common factor of 99 and 3971.
11
What is the highest common factor of 455 and 23933?
91
What is the highest common divisor of 441 and 1314?
9
What is the highest common factor of 22383 and 57?
3
Calculate the greatest common divisor of 3994830 and 510.
510
Calculate the highest common factor of 85 and 4955.
5
What is the greatest common divisor of 1 and 246?
1
What is the highest common factor of 4651363 and 1882?
941
What is the greatest common divisor of 7226725 and 50?
25
Calculate the greatest common factor of 568 and 9432.
8
Calculate the greatest common factor of 3336 and 9258.
6
Calculate the highest common divisor of 4953 and 78740.
127
What is the highest common divisor of 53004 and 2016?
84
What is the highest common factor of 1423177 and 49?
7
What is the highest common divisor of 220 and 9465?
5
Calculate the highest common factor of 48628 and 4.
4
What is the highest common divisor of 41800 and 154?
22
Calculate the greatest common factor of 3059 and 7245.
161
What is the greatest common factor of 973244 and 